s divided by 52.
48
Calculate the remainder when 713 is divided by 80.
73
What is the remainder when 561 is divided by 22?
11
What is the remainder when 696 is divided by 25?
21
Calculate the remainder when 143 is divided by 34.
7
Calculate the remainder when 184 is divided by 62.
60
What is the remainder when 13107 is divided by 298?
293
Calculate the remainder when 264 is divided by 4.
0
Calculate the remainder when 1878 is divided by 67.
2
Calculate the remainder when 795 is divided by 44.
3
Calculate the remainder when 24 is divided by 5.
4
Calculate the remainder when 36238 is divided by 15.
13
What is the remainder when 2800 is divided by 348?
16
Calculate the remainder when 179 is divided by 27.
17
Calculate the remainder when 1996 is divided by 10.
6
What is the remainder when 136 is divided by 23?
21
Calculate the remainder when 1900 is divided by 24.
4
What is the remainder when 88 is divided by 76?
12
Calculate the remainder when 264 is divided by 18.
12
Calculate the remainder when 506 is divided by 109.
70
Calculate the remainder when 285 is divided by 48.
45
What is the remainder when 219 is divided by 10?
9
Calculate the remainder when 1555 is divided by 174.
163
Calculate the remainder when 3679 is divided by 18.
7
What is the remainder when 224 is divided by 75?
74
What is the remainder when 75 is divided by 13?
10
Calculate the remainder when 387 is divided by 30.
27
Calculate the remainder when 32 is divided by 5.
2
Calculate the remainder when 262 is divided by 8.
6
Calculate the remainder when 174 is divided by 47.
33
Calculate the remainder when 138 is divided by 87.
51
What is the remainder when 28763 is divided by 17?
16
Calculate the remainder when 101 is divided by 13.
10
Calculate the remainder when 233 is divided by 59.
56
What is the remainder when 3517 is divided by 220?
217
Calculate the remainder when 233 is divided by 20.
13
Calculate the remainder when 2200 is divided by 82.
68
What is the remainder when 11231 is divided by 144?
143
What is the remainder when 97 is divided by 50?
47
What is the remainder when 1865 is divided by 35?
10
Calculate the remainder when 54 is divided by 21.
12
Calculate the remainder when 51 is divided by 25.
1
Calculate the remainder when 122 is divided by 31.
29
Calculate the remainder when 9150 is divided by 116.
102
What is the remainder when 381 is divided by 55?
51
Calculate the remainder when 5273 is divided by 66.
59
Calculate the remainder when 113 is divided by 60.
53
What is the remainder when 34943 is divided by 202?
199
Calculate the remainder when 212 is divided by 34.
8
What is the remainder when 99 is divided by 1?
0
Calculate the remainder when 32 is divided by 10.
2
What is the remainder when 331 is divided by 70?
51
What is the remainder when 30 is divided by 29?
1
What is the remainder when 477 is divided by 8?
5
Calculate the remainder when 1817 is divided by 90.
17
What is the remainder when 416 is divided by 125?
41
Calculate the remainder when 28 is divided by 17.
11
Calculate the remainder when 57 is divided by 45.
12
Calculate the remainder when 62 is divided by 16.
14
Calculate the remainder when 1371 is divided by 55.
51
What is the remainder when 26 is divided by 11?
4
Calculate the remainder when 923 is divided by 249.
176
What is the remainder when 1844 is divided by 14?
10
Calculate the remainder when 11213 is divided by 6.
5
Calculate the remainder when 857 is divided by 263.
68
Calculate the remainder when 6397 is divided by 3195.
7
Calculate the remainder when 135 is divided by 71.
64
Calculate the remainder when 6626 is divided by 26.
22
What is the remainder when 6752 is divided by 35?
32
What is the remainder when 991 is divided by 104?
55
Calculate the remainder when 938 is divided by 116.
10
Calculate the remainder when 5352 is divided by 119.
116
What is the remainder when 4558 is divided by 31?
1
What is the remainder when 267 is divided by 94?
79
What is the remainder when 158 is divided by 8?
6
Calculate the remainder when 169 is divided by 46.
31
What is the remainder when 1933 is divided by 9?
7
Calculate the remainder when 6901 is divided by 3448.
5
What is the remainder when 2774 is divided by 186?
170
What is the remainder when 65 is divided by 17?
14
Calculate the remainder when 127 is divided by 56.
15
Calculate the remainder when 1065 is divided by 97.
95
What is the remainder when 27961 is divided by 117?
115
What is the remainder when 4225 is divided by 21?
4
What is the remainder when 219 is divided by 67?
18
What is the remainder when 32 is divided by 9?
5
Calculate the remainder when 53 is divided by 20.
13
Calculate the remainder when 203 is divided by 22.
5
Calculate the remainder when 366 is divided by 14.
2
What is the remainder when 813 is divided by 68?
65
Calculate the remainder when 3549 is divided by 148.
145
Calculate the remainder when 129 is divided by 6.
3
What is the remainder when 1613 is divided by 9?
2
What is the remainder when 1216 is divided by 172?
12
Calculate the remainder when 19387 is divided by 70.
67
What is the remainder when 750 is divided by 16?
14
Calculate the remainder when 5997 is divided by 23.
17
What is the remainder when 220 is divided by 65?
25
What is the remainder when 286 is divided by 118?
50
What is the remainder when 35 is divided by 24?
11
Calculate the remainder when 82 is divided by 44.
38
Calculate the remainder when 263 is divided by 87.
2
What is the remainder when 184 is divided by 47?
43
Calculate the remainder when 439 is divided by 49.
47
Calculate the remainder when 11441 is divided by 105.
101
What is the remainder when 616 is divided by 35?
21
What is the remainder when 141 is divided by 11?
9
Calculate the remainder when 9380 is divided by 9.
2
Calculate the remainder when 141 is divided by 8.
5
What is the remainder when 811 is divided by 74?
71
Calculate the remainder when 230 is divided by 17.
9
What is the remainder when 2029 is divided by 14?
13
Calculate the remainder when 4391 is divided by 183.
182
Calculate the remainder when 4830 is divided by 46.
0
Calculate the remainder when 991 is divided by 487.
17
What is the remainder when 127 is divided by 32?
31
What is the remainder when 3774 is divided by 32?
30
Calculate the remainder when 288 is divided by 103.
82
What is the remainder when 217 is divided by 32?
25
Calculate the remainder when 300 is divided by 69.
24
What is the remainder when 404 is divided by 60?
44
Calculate the remainder when 1036 is divided by 22.
2
What is the remainder when 2275 is divided by 44?
31
What is the remainder when 7679 is divided by 23?
20
Calculate the remainder when 452 is divided by 64.
4
Calculate the remainder when 485 is divided by 123.
116
What is the remainder when 219 is divided by 133?
86
Calculate the remainder when 109 is divided by 14.
11
Calculate the remainder when 211 is divided by 108.
103
Calculate the remainder when 25 is divided by 6.
1
Calculate the remainder when 277 is divided by 57.
49
What is the remainder when 8448 is divided by 2810?
18
What is the remainder when 176 is divided by 27?
14
Calculate the remainder when 238 is divided by 79.
1
Calculate the remainder when 160 is divided by 9.
7
Calculate the remainder when 2592 is divided by 4.
0
Calculate the remainder when 160 is divided by 40.
0
Calculate the remainder when 21547 is divided by 25.
22
What is the remainder when 167 is divided by 74?
19
Calculate the remainder when 337 is divided by 15.
7
What is the remainder when 222 is divided by 45?
42
Calculate the remainder when 128 is divided by 19.
14
Calculate the remainder when 2757 is divided by 92.
89
Calculate the remainder when 125 is divided by 32.
29
Calculate the remainder when 591 is divided by 130.
71
What is the remainder when 614 is divided by 90?
74
Calculate the remainder when 192 is divided by 18.
12
What is the remainder when 1140 is divided by 41?
33
What is the remainder when 4547 is divided by 157?
151
What is the remainder when 902 is divided by 43?
42
What is the remainder when 7 is divided by 4?
3
Calculate the remainder when 3201 is divided by 36.
33
Calculate the remainder when 864 is divided by 127.
102
Calculate the remainder when 402 is divided by 16.
2
Calculate 